2*z + 7 = -5*t, 4*z - 5*t + 2*t + 7 = 0. What is i(z)?
9
Let v(z) = 5*z + 2. Suppose -b - 2*a - 2 = 0, -2*a = 4*b + 4 + 4. Calculate v(b).
-8
Let a = -2 - -8. Let g = a - 12. Let j(l) = -l**3 - 6*l**2 - 7. Give j(g).
-7
Let w(b) = b**2 - 4*b - 4. Let v(n) = -9*n - 1. Let o be v(1). Let m = o - -15. Give w(m).
1
Let o(q) = -5 + q - 1 + 5 - 1. What is o(4)?
2
Suppose 4 + 0 = -z + v, -5*z - 4*v - 29 = 0. Let q(s) = s**2 - 1 + 2 + 3*s - s + 2*s. What is q(z)?
6
Let y(c) = 4*c + 1. Let x(m) = -m. Let j(g) = 5*x(g) - y(g). Determine j(1).
-10
Let h = -107 - -102. Let l(f) = 4*f + 2. What is l(h)?
-18
Let u(a) be the second derivative of -3*a + 1/12*a**4 + 3/2*a**2 + 5/6*a**3 + 0. Determine u(-3).
-3
Let p(d) = -d**2 - 7*d + 4. Let l be p(-7). Suppose 0*g - 2*g = -l. Suppose -g = 4*n - 2*n. Let s(o) = -6*o. Calculate s(n).
6
Suppose -2*i + 1 + 2 = k, -3 = -2*k - i. Let g(t) = t**3 + 4*t**2 + 1. Let u be g(-4). Let a = u - k. Let l(m) = m**2 + 2. Give l(a).
2
Let a(y) be the second derivative of -y**5/20 - 5*y**4/12 - y**3/3 + 2*y**2 - 16*y. What is a(-4)?
-4
Let j = 170 - 167. Let k(q) = 4*q - 1. Let x(w) = w. Let y(d) = -k(d) + 3*x(d). Give y(j).
-2
Let h be (-5)/(10/4) - -4. Let d(n) = -2*n - h + 0*n + n. Let m be 7/(-28) - (-13)/4. Calculate d(m).
-5
Let h(f) = 49*f - 26*f - 3 - 21*f. Determine h(-5).
-13
Let f(y) = -7*y + 1. Let a(p) = 1 - 5 + p**2 - 7 - 7*p + 1. Let j be a(8). What is f(j)?
15
Let t = -3 - -5. Let b(f) be the second derivative of -f**6/360 + f**5/40 - f**4/24 + f**3/6 - f. Let w(l) be the second derivative of b(l). Calculate w(t).
1
Let d(p) = -2*p + 3. Suppose -4 = -l - 4*n, 4*n + 20 = 2*l - 0*n. Give d(l).
-13
Let c(i) be the third derivative of i**6/120 - i**5/30 - i**4/12 - i**3/6 - i**2. Calculate c(-1).
-2
Let t be ((-2)/4)/(5/(-20)). Let i(v) = 2*v + 3*v + 1 + v**t + 3*v - 6*v. Calculate i(-2).
1
Let q = 67 + -60. Let n(b) = b**2 - 7*b + 1. Determine n(q).
1
Let l(u) = 7 - 9 + u + 6. Give l(0).
4
Suppose q - 7 = 4*s - 4, -3*q - 3*s + 9 = 0. Suppose 0 = -5*r - 2*z - 25, -q*z - 2*z - 19 = -2*r. Let d(i) = -2*i**2 - 5*i - 2. Calculate d(r).
-5
Let s be (12/7)/(2/7). Let c be 27/s + 1/(-2). Let l(z) = 3*z + 1 - 5*z + 3*z. Calculate l(c).
5
Let r(q) be the second derivative of 3*q**5/10 + q**4/12 + q**3/6 - q. Let f be 10/(-4)*(-12)/(-15) + 1. What is r(f)?
-6
Let p(l) = -l + 2. Let s(j) = j + 1. Let w be s(0). Suppose -4*n + 2 = -6. Suppose -9 = -n*q - w. Calculate p(q).
-2
Let o(v) = v**3 - 4*v**2 + 4*v. Let c be o(3). Suppose 5*t - 6 = -4*d, -4*t + 9 = -c*d + 2*d. Let h(s) = s**t - 7*s - s**3 + 7*s. Determine h(1).
0
Let g(i) = -3 - 15*i**3 + 20*i**3 - 3*i**2 - 6*i**3. Determine g(-3).
-3
Suppose -4*r + 3*t = -1, -25 = -5*r - 3*t + 2*t. Suppose -6*f + f = -s - 14, -r*f = 2*s. Let q(b) = b**2 + b. Calculate q(s).
12
Let a(b) = -b - 1. Suppose 0 = -9*l + 8*l - 3. Calculate a(l).
2
Let c(h) = h**2 - 2*h - 7. Let r be c(4). Let g(m) = -6*m**2 - m + 1. What is g(r)?
-6
Let j(d) = d**2 + d. Let t be (-4)/2*5/(-2). Let f be 2*2*5/4. Suppose t + 5 = f*b. Determine j(b).
6
Let k(w) = 2*w - 18. Let f be k(12). Let c(d) = -d**3 + 7*d**2 - 5*d + 1. Determine c(f).
7
Suppose 3*n - 3*t + 12 - 3 = 0, 5*n + 5*t = -45. Let i be (3/n - 0)*0. Let g(w) = 2*w + 2 - 4*w - 3 + i. What is g(2)?
-5
Let n(d) = 0 - 8*d - 6*d**2 - 1 + 2*d**2 + 3*d**2. Give n(-6).
11
Let f(j) = -2*j + 5. Let b(l) be the third derivative of l**4/24 - 5*l**3/6 - 2*l**2. Let k(p) = 3*b(p) + 2*f(p). Let m = 2 - 2. Determine k(m).
-5
Let f(b) be the second derivative of 0 + 2/3*b**3 - 2*b - 1/12*b**4 + 3/2*b**2. Let d be 5/1 - 0/2. What is f(d)?
-2
Let k be 1/((4/10)/(-2)). Let j(x) = -2*x. Let c be j(-3). Let p(w) = -w**3 - 6*w + c*w**2 + 0*w + 8*w + 2*w**3 - 6. Give p(k).
9
Let x(w) = 0*w**3 - w**3 + 6*w**2 + 3*w - w**2 - w**2. Give x(4).
12
Let y be 38/(-5) - 18/(-30). Let n be (-5)/y - (-2)/7. Let r(s) = -3 - 2*s + n + 3*s. Give r(2).
0
Let c(d) = -11*d**3 + 20*d**2 + 8*d + 7. Let o(p) = -2*p**2 + 11*p**3 - 11*p**2 - 4*p**3 - 5*p - 5. Let b(u) = -5*c(u) - 8*o(u). Calculate b(4).
5
Let h = -34 - -39. Let f(b) = 2*b + 2. Determine f(h).
12
Let i(x) = x - 4. Let m = 5 + -2. Suppose -2*f = -5*b + 2 - 6, -6 = -m*f + b. Suppose -4*a - h = -21, 2*a = -f*a + 4*h - 4. What is i(a)?
0
Let c(u) = -u**2 - 3*u - 7. Let i(a) = -a**2 - 2*a - 6. Let l(x) = -6*c(x) + 7*i(x). Suppose 0 = -j - 5*b + 19, 5*b - 4 = 2*j + b. What is l(j)?
0
Let r(t) be the first derivative of t + 2 - 5/2*t**2. Let m be 1 - (-2 + 2 + -1). Calculate r(m).
-9
Let k(j) be the second derivative of 1/2*j**3 + 3*j + 0*j**2 + 0 + 1/12*j**4. Suppose -l = -2*b - 4, 2*b + 2*b = -16. What is k(l)?
4
Suppose 4*o + 0 = -z - 17, -5*z - 5 = 0. Let j = o - -6. Let w(n) = n**3 - 2*n**2 + 2*n + 2. Calculate w(j).
6
Let y = 17 - 20. Let b(c) = -c - 1. Determine b(y).
2
Let j(n) = 4*n**2 + 4*n + 2. Let o(r) = -3*r**2 - 4*r - 1. Let g(w) = -4*j(w) - 5*o(w). Let z be (-2 - 0)*1 - -7. Give g(z).
-8
Let z(a) be the second derivative of 2*a**3/3 - 3*a**2/2 - 22*a. Give z(3).
9
Suppose 2*m + f - 7 = -m, f = 4*m. Let a(x) = x**2 - 4*x + 0 - 4 - m + 0. Give a(6).
7
Suppose 0 = -0*q + 5*q - 20. Suppose 10 = q*l - 2*l. Suppose -l = 5*v - 0. Let s(d) = -6*d**2 - d - 1. Determine s(v).
-6
Let u(o) be the third derivative of -o**7/420 + o**6/360 - o**5/120 + o**4/24 + 3*o**2. Let k(s) be the second derivative of u(s). Give k(1).
-5
Let p(w) = -w**2 - 9*w + 4. Let v be p(-9). Suppose -v = a - 3*a. Let m(l) = -3 + 0*l - l**2 + 3*l + a - 1. What is m(4)?
-6
Let o(z) be the second derivative of -z**3/6 + 3*z**2/2 - 13*z. Calculate o(7).
-4
Let o be 1/(2/(12/(-3))). Let f(d) = 4*d + 1. Determine f(o).
-7
Let x(v) be the third derivative of v**5/60 - v**2. Let n(j) = j**3 - 5*j**2 + j - 2. Let m be n(5). Suppose 3*g + 2*g = 5*f, 5*f = -m*g + 8. What is x(f)?
1
Let o(x) = -x**3 + 4*x**2 - 2*x + 2. Suppose -r = -4 + 14. Let k be (-3)/(-9) + r/(-6). Give o(k).
6
Suppose 2*g - 6*g - 2*h = -24, -3*g + 18 = 2*h. Let d = g + -11. Let n(v) = 2*v + 5. Give n(d).
-5
Let o(g) be the third derivative of g**5/30 + g**4/12 - g**3/3 - 9*g**2. Determine o(-2).
2
Let t(q) = -q**3. Let l be (-6)/(-18)*((-1)/(-1) + 5). What is t(l)?
-8
Let y(k) be the second derivative of k**2 + 1/3*k**3 - 1/12*k**4 + 0 + 2*k. What is y(-2)?
-6
Let t be (-4)/3 - 1/(-3). Let p = t + 3. Let c be p - 1/((-1)/2). Let o(j) = -j**2 + 5*j. Calculate o(c).
4
Let n be (1 - 0)*(-4)/(-4). Let m(h) be the third derivative of -3*h**5/20 - h**4/24 + h**2. Calculate m(n).
-10
Let p(i) = i. Let g be p(2). Let a(u) = 5 + 3 - u**g - 1. What is a(0)?
7
Let h(n) be the third derivative of 0 + 1/8*n**4 + 2*n**2 + 0*n - 1/3*n**3. Suppose -16 = -2*w - 3*r, 0 = -5*w + r - 2*r + 14. Give h(w).
4
Let x be (-2)/(-1*1/1). Let o(g) = -3 + g**2 + 7*g - 7*g - 3*g + 5*g. Calculate o(x).
5
Let l(n) be the second derivative of n**5/60 + n**4/4 - n**3/6 - 5*n**2/2 + n. Let s(h) be the first derivative of l(h). Give s(-3).
-10
Suppose 0 = 2*t - 5*n - 13, n = 1 - 4. Let z(v) = -6*v**2 - v - 1. Determine z(t).
-6
Let x(g) = -1 - 3*g + g**2 - 2*g**2 + 8*g + 2*g**2. Calculate x(-5).
-1
Let w(j) = j + 1. Let b be (-94)/18 - (-14)/63. Determine w(b).
-4
Let l(g) = -3*g + 1. Let n be (-3 - -2)*1*6. Give l(n).
19
Let d(t) = 3*t + 2. Let i be 885/33 - 2/(-11). Let f = i - 24. Calculate d(f).
11
Let q(i) = 2*i**2 - 7*i + 5. Let t be (-55)/(-22) - (-1)/2. Suppose 17 + 0 = 5*h + t*d, 2*h - 9 = d. Give q(h).
9
Let b(a) = -4*a - 1. Let p(t) = -5*t - 2. Let v(y) = -4*b(y) + 3*p(y). Give v(-3).
-5
Let y(i) = 5*i + i - 2*i + 2*i. Give y(2).
12
Let g = 3 + -3. Let w(j) be the third derivative of j**6/120 - j**5/60 + 5*j**3/6 - 7*j**2. Give w(g).
5
Let w be (-65)/(-10) - 3/2. Let y(r) = r - 8. Determine y(w).
-3
Suppose 2*c + 2*c = 0. Suppose -2*r = -4*r - 6, c = 3*j - r + 12. Let a(w) = w**2 + 5*w. Determine a(j).
0
Let p(q) = q. Let h be p(3). Let v be 9*(0 + (-1)/(-3)). Let n(d) = -h*d**3 - d**3 + 5 + 2*d + 3*d**3 + v*d**2. Give n(4).
-3
Let s(w) = 3*w - 1. Let f = 1 + 0. Give s(f).
2
Let f be (-1)/2 - (-27)/(-6). Let j(q) = 0*q - 3 - 3*q + 2*q. Give j(f).
2
Let h be -3 + 8 - (3 - 2). Suppose 2*i = -2*m - 0*i, -h*m = i. Let d(o) = -o**2 + 5. What is d(m)?
5
Suppose 2*w - 3*f + 11 = 0, 0 = -4*w - f - f - 46. Let k be (w/15)/((-2)